{"id":67,"date":"2024-07-25T12:58:45","date_gmt":"2024-07-25T12:58:45","guid":{"rendered":"http:\/\/dorfplatz.zeitmaschinchen.de\/?page_id=67"},"modified":"2024-09-05T07:25:22","modified_gmt":"2024-09-05T07:25:22","slug":"datenschutz","status":"publish","type":"page","link":"https:\/\/zeitmaschinchen.de\/dorfplatz\/datenschutz\/","title":{"rendered":"Datenschutzerkl\u00e4rung"},"content":{"rendered":"\n<article class=\"impressum-content page-padding\">\n<h1 class=\"wp-block-heading\">Datenschutz\u00aderkl\u00e4rung<\/h1>\n\n\n\n<p class=\"page-title\">Den Schutz Ihrer personenbezogenen Daten nehmen wir sehr ernst. Die Erhebung und Verarbeitung Ihrer personenbezogenen Daten geschieht unter Beachtung der geltenden datenschutzrechtlichen Vorschriften, insbesondere der EU-Datenschutzgrundverordnung (DSGVO). Diese Erkl\u00e4rung beschreibt, wie und zu welchem Zweck Ihre Daten erfasst und genutzt werden und welche Wahlm\u00f6glichkeiten Sie im Zusammenhang mit pers\u00f6nlichen Daten haben.<\/p>\n<div>\n<h2><strong>Verarbeitung personenbezogener Daten<\/strong><\/h2>\n<p>W\u00e4hrend des Aufrufs unserer Website werden automatisch Informationen an den Server unserer Website gesendet, um eine fehlerfreie Bereitstellung unserer Website gew\u00e4hrleisten zu k\u00f6nnen. Folgende Daten werden hierbei erhoben:<br \/><br \/><\/p>\n<ul class=\" ikiss-unordered-list\">\n<li>Informationen \u00fcber den Browsertyp und die verwendete Version,<\/li>\n<li>das Betriebssystem des Nutzers,<\/li>\n<li>den Internet-Service-Provider des Nutzers,<\/li>\n<li>die IP-Adresse des Nutzers,<\/li>\n<li>Datum und Uhrzeit des Zugriffs,<\/li>\n<li>Websites, von denen das System des Nutzers auf unsere Internetseite gelangt,<\/li>\n<li>Websites, die vom System des Nutzers \u00fcber unsere Website aufgerufen werden.<\/li>\n<\/ul>\n<p>Wir verarbeiten personenbezogene Daten lediglich dann, wenn hierf\u00fcr eine gesetzliche Rechtsgrundlage gegeben ist oder Sie uns Ihre Einwilligung erteilt haben.<br \/><br \/>Nehmen Sie mit uns Kontakt auf, willigen Sie in die Verarbeitung Ihrer Daten zur Bearbeitung Ihrer Anfrage, sowie f\u00fcr weitere Korrespondenz, ein.<br \/><br \/>Bei Ihrer Kontaktaufnahme mit uns per E-Mail oder \u00fcber ein Kontaktformular werden die von Ihnen mitgeteilten Daten (Ihre E-Mail-Adresse, ggf. Ihr Name und Ihre Telefonnummer) von uns gespeichert, um Ihre Fragen zu beantworten. Die in diesem Zusammenhang anfallenden Daten l\u00f6schen wir, wenn die Speicherung nicht mehr erforderlich ist oder schr\u00e4nken die Verarbeitung ein, falls gesetzliche Aufbewahrungspflichten bestehen.<br \/><br \/>Eine Weitergabe der Daten an Dritte oder eine sonstige Auswertung findet nicht statt. Hiervon unber\u00fchrt bleiben zwingende gesetzliche Bestimmungen, insbesondere gesetzliche Aufbewahrungsfristen.<\/p>\n<h2><strong>Cookies<\/strong><\/h2>\n<p>Zus\u00e4tzlich zu den zuvor genannten Daten werden bei Ihrer Nutzung unserer Website Cookies auf Ihrem Rechner gespeichert. Bei Cookies handelt es sich um kleine Textdateien, die auf Ihrer Festplatte dem von Ihnen verwendeten Browser zugeordnet gespeichert werden und durch welche der Stelle, die den Cookie setzt (hier durch uns), bestimmte Informationen zuflie\u00dfen. Cookies k\u00f6nnen keine Programme ausf\u00fchren oder Viren auf Ihren Computer \u00fcbertragen.<br \/><br \/>Durch die Verwendung der Cookies kann Ihr Computer als technische Einheit w\u00e4hrend Ihres Besuches auf der Website identifiziert werden. So wird Ihnen die Verwendung unseres Angebots, auch bei einem Seitenwechsel, erleichtert und unsere Website nutzerfreundlicher.<br \/><br \/>Sie k\u00f6nnen in der Regel Ihren Internetbrowser so einstellen, dass Sie \u00fcber das Setzen von Cookies informiert werden und Cookies im Einzelfall erlauben oder ausschlie\u00dfen k\u00f6nnen und bereits vorhandene Cookies l\u00f6schen k\u00f6nnen. Die Deaktivierung der Cookies kann zu einer Beeintr\u00e4chtigung der Funktionalit\u00e4t der Website f\u00fchren.<\/p>\n<h2><strong>Externe Links<\/strong><\/h2>\n<p>Unsere Website enth\u00e4lt Links zu externen Websites Dritter. Nach Anklicken des Links haben wir keinen Einfluss auf die Erhebung und Verarbeitung personenbezogener Daten durch den Dritten. Dieses Verhalten Dritter ist verst\u00e4ndlicherweise unserer Kontrolle entzogen. Wir \u00fcbernehmen keine Verantwortung f\u00fcr die Verarbeitung personenbezogener Daten durch Dritte.<\/p>\n<h2><strong>Sicherheit (SSL-Verschl\u00fcsselung)<\/strong><\/h2>\n<p>Zum Schutz Ihrer Daten treffen wir Sicherheitsvorkehrungen. Hierbei verwenden wir modernste Internettechnologien.<br \/><br \/>Diese Seite nutzt aus Gr\u00fcnden der Sicherheit und zum Schutz der \u00dcbertragung vertraulicher Inhalte, wie zum Beispiel der Anfragen, die Sie an uns als Seitenbetreiber senden, eine SSL-Verschl\u00fcsselung. Eine verschl\u00fcsselte Verbindung erkennen Sie daran, dass die Adresszeile des Browsers von &#8222;http:\/\/&#8220; auf &#8222;https:\/\/&#8220; wechselt und an dem Schloss-Symbol in Ihrer Browserzeile. Wenn die SSL Verschl\u00fcsselung aktiviert ist, k\u00f6nnen die Daten, die Sie an uns \u00fcbermitteln, nicht von Dritten mitgelesen werden.<\/p>\n<h2><strong>Ihre Rechte<\/strong><\/h2>\n<p>Ihnen stehen insbesondere folgende Rechte zu:<\/p>\n<ul class=\" ikiss-unordered-list\">\n<li>Auskunftsrecht \u00fcber die zu Ihrer Person gespeicherten Daten und deren Verarbeitung (Artikel 15 DS-GVO).<\/li>\n<li>Recht auf Datenberichtigung, sofern Ihre Daten unrichtig oder unvollst\u00e4ndig sein sollten (Artikel 16 DS-GVO).<\/li>\n<li>Recht auf L\u00f6schung der zu Ihrer Person gespeicherten Daten, sofern eine der Voraussetzungen von Artikel 17 DS-GVO zutrifft.<\/li>\n<li>Recht auf Einschr\u00e4nkung der Datenverarbeitung, sofern die Daten unrechtm\u00e4\u00dfig verarbeitet wurden, die Daten zur Geltendmachung, Aus\u00fcbung oder Verteidigung von Ihren Rechtsanspr\u00fcchen ben\u00f6tigt werden oder bei einem Widerspruch noch nicht feststeht, ob die Interessen des Landratsamtes gegen\u00fcber denen der betroffenen Person \u00fcberwiegen (Artikel 18 Absatz 1 lit. b, c und d DS-GVO). Wird die Richtigkeit der personenbezogenen Daten bestritten, besteht das Recht auf Einschr\u00e4nkung der Verarbeitung f\u00fcr die Dauer der Richtigkeitspr\u00fcfung.<\/li>\n<li>Recht auf \u00dcbertragung der Sie betreffenden personenbezogenen Daten, die Sie uns bereitgestellt haben, in einem strukturierten, g\u00e4ngigen und maschinenlesbaren Format \u00fcbermittelt zu erhalten (Art. 20 DS-GVO).<\/li>\n<li>Widerspruchsrecht gegen bestimmte Datenverarbeitungen, sofern an der Verarbeitung kein zwingendes \u00f6ffentliches Interesse besteht, das Ihre Interessen \u00fcberwiegt, und keine Rechtsvorschrift zur Verarbeitung verpflichtet (Artikel 21 DS-GVO).<\/li>\n<li>Recht jederzeit ohne Angaben von Gr\u00fcnden von Ihrem Widerrufsrecht Gebrauch machen und die erteilte Einwilligungserkl\u00e4rung mit Wirkung f\u00fcr die Zukunft ab\u00e4ndern oder g\u00e4nzlich widerrufen. Die Rechtm\u00e4\u00dfigkeit der aufgrund der Einwilligung bis zum Widerruf erfolgten Verarbeitung bleibt hiervon unber\u00fchrt. Wenden Sie sich hierf\u00fcr bitte an das Freilichtmuseum Neuhausen ob Eck, Bahnhofstra\u00dfe 123, 78532 Tuttlingen, Telefon: 07461 9263200, E-Mail: info@freilichtmuseum-neuhausen.de.<\/li>\n<li>Recht zur Beschwerde bei der Aufsichtsbeh\u00f6rde, Landesbeauftragte f\u00fcr den Datenschutz und die Informationsfreiheit, Baden-W\u00fcrttemberg, K\u00f6nigstra\u00dfe 10a, 70173 Stuttgart, Postfach 10 29 32, 70025 Stuttgart, Tel.: 0711\/615541-0, Fax: 0711\/615541-15, E-Mail:\u00a0<a class=\"csslink_email\" href=\"mailto:poststelle@lfdi.bwl.de\">poststelle@lfdi.bwl.de<\/a>, sofern Sie der Ansicht sind, dass die Verarbeitung Ihrer Daten rechtswidrig erfolgt.<\/li>\n<\/ul>\n<\/div>\n<\/article>\n","protected":false},"excerpt":{"rendered":"","protected":false},"author":1,"featured_media":0,"parent":0,"menu_order":0,"comment_status":"closed","ping_status":"closed","template":"","meta":{"_acf_changed":false,"slim_seo":{"title":"Datenschutzerkl\u00e4rung - Zeitmaschinchen","description":""},"iawp_total_views":3,"footnotes":""},"class_list":["post-67","page","type-page","status-publish","hentry"],"acf":[],"_links":{"self":[{"href":"https:\/\/zeitmaschinchen.de\/dorfplatz\/wp-json\/wp\/v2\/pages\/67","targetHints":{"allow":["GET"]}}],"collection":[{"href":"https:\/\/zeitmaschinchen.de\/dorfplatz\/wp-json\/wp\/v2\/pages"}],"about":[{"href":"https:\/\/zeitmaschinchen.de\/dorfplatz\/wp-json\/wp\/v2\/types\/page"}],"author":[{"embeddable":true,"href":"https:\/\/zeitmaschinchen.de\/dorfplatz\/wp-json\/wp\/v2\/users\/1"}],"replies":[{"embeddable":true,"href":"https:\/\/zeitmaschinchen.de\/dorfplatz\/wp-json\/wp\/v2\/comments?post=67"}],"version-history":[{"count":0,"href":"https:\/\/zeitmaschinchen.de\/dorfplatz\/wp-json\/wp\/v2\/pages\/67\/revisions"}],"wp:attachment":[{"href":"https:\/\/zeitmaschinchen.de\/dorfplatz\/wp-json\/wp\/v2\/media?parent=67"}],"curies":[{"name":"wp","href":"https:\/\/api.w.org\/{rel}","templated":true}]}}